h be (-340)/(-90) - (-4)/18. Suppose -4*f + 2*m = -0*m - 50, -4*m = h*f - 20. Suppose 4*l + 3*n - 257 = -59, 0 = -5*n - f. What is the tens digit of l?
5
Let q be (-10 + -3)/(-1)*1. Let k be (-2878)/10 - q/65. What is the units digit of k/(-80)*(-20)/(-6)?
2
Suppose -42*t - 75*t - 425288 = -1220069. What is the hundreds digit of t?
7
What is the tens digit of 4/(8/(-42))*21/(1323/(-23205))?
3
Suppose 0 = -5*q - o + 250 - 25, -2*o + 135 = 3*q. Suppose 0*u - q = -9*u. Suppose 24 + 231 = u*z. What is the tens digit of z?
5
Suppose 0 = 46*y + 257034 - 1054720. What is the units digit of y?
1
Let w(q) = 14*q**3 - q**2 - 26*q - 139. Let k be w(-5). Suppose 0 = -4*h - h - 130. What is the hundreds digit of k/(-11) - h/(-143)?
1
Let k = 157 + 10. Let n = 576 - k. What is the tens digit of n?
0
Let j(w) = 206*w**2 + 10*w + 24. What is the hundreds digit of j(-3)?
8
Let u = 975 + -495. Let v = u - -403. What is the hundreds digit of v?
8
Let n(o) = o**3 - 3*o**2 - 3*o + 5. Let w be n(2). Let s(k) = -k + 7. Let h be s(w). What is the tens digit of (-1*(-6)/h)/((-1)/(-64))?
3
Let p = -401 - -11413. What is the hundreds digit of p?
0
Suppose 13 = 4*f + r - 6, -2*f = -2*r - 12. Let w = 539 - f. What is the hundreds digit of w?
5
Suppose -446*q = -124*q - 2972060. What is the tens digit of q?
3
Suppose -3*k = -k + 30. Let z be 10/k - 57/9. What is the units digit of ((-20)/14)/(z/49)?
0
Suppose 36 = 4*b - 20. Suppose -b - 26 = -8*z. Suppose 0*u - 4*r = -z*u + 230, -3*r + 65 = u. What is the tens digit of u?
5
Let j be (2/(-2))/(-13 + (-68568)/(-5274)). Let f = 1533 + j. What is the tens digit of f?
5
Let q be (-11)/((-66)/(-4)) + 28/(-21). What is the hundreds digit of (24 - 12)/((-2)/(-87)) - q?
5
Let k be (2/3)/((-2)/(-9)) + -1. Suppose -k*c + 17 = -v + 2, -5*c = 2*v - 24. Let z(d) = -d**3 + 7*d**2 - d - 6. What is the units digit of z(c)?
4
Let s(h) = 1182*h + 2751. What is the units digit of s(11)?
3
Suppose 4*n + 10907 = 5*f + 82487, -f = 5*n - 89446. What is the ten thousands digit of n?
1
What is the tens digit of (-43 - -45 - (-17492)/6)*3 + 5?
5
Suppose -3*w + 4*w - 2 = 0. Let k(o) = 181*o**3 - 9*o**2 + 11*o + 6. What is the hundreds digit of k(w)?
4
Let y = -61 + 255. Suppose 4*v - 776 = 2*z, 3*z = v + 7*z - y. What is the hundreds digit of v?
1
Suppose -13 = t + 13. Let i = t + 16. What is the units digit of (i/8)/(1/(-40))?
0
Suppose 2*r - 2*d = -17 + 1, -2 = -2*d. Let m(w) = 68*w - 46. Let t(j) = -74*j + 48. Let a(y) = 13*m(y) + 12*t(y). What is the units digit of a(r)?
6
Suppose -2*f - 1986 = -5*k, k + 0*k - 400 = -f. Let b be -239 + (0 + -1)/(-1). Let u = b + k. What is the hundreds digit of u?
1
Let w = -12916 - -32881. What is the hundreds digit of w?
9
Let k(u) = -29*u**3 + 3*u**2 - 14*u - 41. What is the thousands digit of k(-6)?
6
Let w(r) = 18*r - 9. Let i = -18 + 27. Let x be w(i). Let t = x - 62. What is the units digit of t?
1
Suppose -4*x - 172 + 20 = 0. Let w = x - -80. Suppose -227 = -g - w. What is the tens digit of g?
8
Let t be (443/(-2*6/24))/2. Let k = t + 538. What is the tens digit of k?
9
Let y(b) = 5*b**2 - 11*b + 4 + 7 - b**3 - 13*b**2. Let d be y(-6). Suppose 5*k + 262 = 3*c, d*c = 3*k + 257 + 169. What is the units digit of c?
4
Suppose -277*g - 39*g + 1239668 = 0. What is the thousands digit of g?
3
Let m = -1072 - -2604. Suppose -41*v = -m - 846. What is the units digit of v?
8
Let g(j) = -3*j**3 + j**2 - 6*j + 6. Let p = -115 - -118. Let t be g(p). Let h = -53 - t. What is the units digit of h?
1
Let o be 15/15*(3 + -2)*802. Suppose -2*w + o = -4*b, 2 = 5*b - 3. What is the tens digit of w?
0
Suppose 2*b - 53*z + 49*z - 1230 = 0, -2*z = -5*b + 3043. What is the hundreds digit of b?
6
Suppose -67*z + 1174374 = 251*z. What is the tens digit of z?
9
Let w(s) = -66*s + 20. Let k(h) = 65*h - 21. Let j(d) = 5*k(d) + 6*w(d). What is the units digit of j(-11)?
6
Suppose 2*x = -3*x - 3*i + 3, x + 4*i - 4 = 0. Suppose x = -10*c + 39 + 21. Suppose 7*y - 13 = -c. What is the units digit of y?
1
Let u(t) = -5*t**2 + 8*t + 34. Let g be u(4). Let o(k) = 4*k**2 + 28*k + 43. What is the hundreds digit of o(g)?
4
Suppose 85*q - 22154 = -3*d + 87*q, 5*d - 36960 = -4*q. What is the hundreds digit of d?
3
Let g = 4 + -12. Let n(p) = -p**2 - 12*p + 4. Let r be n(g). Suppose -3*f + 5*j + r = -5, 4*f - 70 = -j. What is the tens digit of f?
1
Let u = 185 - 181. Let t be (2 - 50)/(2/(-12)). Suppose -4 = 4*y, y - t = -5*a + u*y. What is the tens digit of a?
5
What is the ten thousands digit of 527715/90*(7 + -5)?
1
Suppose 314360 = 125*c - 277312 - 786703. What is the thousands digit of c?
1
Suppose -158*z + 149*z = 0. Suppose z = -169*k + 174*k - 3785. What is the tens digit of k?
5
Suppose 2*t + 11 = -5*o, -2*t + 0*o + 4*o + 16 = 0. Let y(d) = 144*d - 3. Let b be y(t). Let l = -203 + b. What is the units digit of l?
2
Suppose 0 = -735*c + 6168588 + 19192587. What is the ten thousands digit of c?
3
Suppose 0 = -4*q + 4*o + 24300, 42*q - 43*q + 6073 = o. What is the units digit of q?
4
Suppose -4*g = -k + 842, 3*g + 3*k + 57 + 582 = 0. Let q = 734 + g. What is the tens digit of q?
2
Let n(j) = j**3 - j**2 + 19*j - 290. What is the tens digit of n(15)?
4
Suppose -a + 2*s - 4*s = 3, -2*a - s = 3. Let m be a/(((-7)/35)/((-4)/(-10))). Suppose 0 = -7*y - m*y + 963. What is the units digit of y?
7
Let k be (13/((-260)/(-24)))/(1 - 374/380). Let z = 84 + 52. Let g = z - k. What is the tens digit of g?
6
Suppose 3*l + 2948 = 4*g - 995, 0 = -3*g - 3*l + 2952. Suppose -10*f = -215 - g. What is the units digit of (-33 - -31) + 1/(1/f)?
8
Suppose 4*w + 29*h = 25*h + 63568, 4*h + 47634 = 3*w. What is the hundreds digit of w?
8
Suppose -2*i = -27*y + 29*y - 30854, -2*i = y - 15420. What is the thousands digit of y?
5
Suppose 0 = -a - 15*s + 12*s + 12159, -5*a = 4*s - 60784. What is the hundreds digit of a?
1
Suppose -n = 1, 5*d = -5*n + 85672 - 23682. What is the units digit of d?
9
What is the units digit of (1*(-970)/(-5))/(6/510)?
0
Suppose 2*h = 4*v - 48, 4*v - 48 = -0*h - 5*h. Suppose 0 = -v*f + 8*f - 5064. What is the units digit of (-3)/9 + f/(-18)?
0
Let p = -27 + 41. Let h(x) = 3*x - 18. Let w be h(p). Suppose -3*v + 2*z + w = 5*z, -4*v - 13 = -5*z. What is the units digit of v?
3
Suppose 10*y - 5*s = 6*y + 27663, 2*s - 2 = 0. What is the hundreds digit of y?
9
Let a be (3/6*116)/(-1 - -2). Let b = a - 55. Suppose 3*f - 401 = -f - b*k, -k - 487 = -5*f. What is the tens digit of f?
9
Suppose 0 = 112*r - 82*r - 60600. What is the tens digit of r?
2
Suppose 2*r + 30755 = 19*r - 16233. What is the hundreds digit of r?
7
Let w(j) = -80*j**3 - 8*j**2 - 11*j - 26. What is the thousands digit of w(-5)?
9
Let a(n) = 7*n**2 + 0*n**3 + 4*n**3 + 14*n - 5*n**3 - 3. Suppose -37*t - 14 = -39*t. What is the units digit of a(t)?
5
Suppose 13 = 3*n - 3*r - 8, 5*r + 8 = -4*n. Suppose -4*y + 2*c = -2088, -n*y + 8*y + 4*c = 2597. What is the tens digit of y?
2
Suppose -6*z - 17666 + 422 = 0. Let w be z/(-18) + (-2)/(-6). Let s = w - -30. What is the hundreds digit of s?
1
Suppose 3*l + 5*o = 119166, 4*l + 2*o = 198472 - 39570. What is the ten thousands digit of l?
3
Suppose 2 = -n, k + 4*k = 3*n - 1294. Let j = 232 - k. What is the tens digit of j?
9
Suppose 65 = 3*i + c - 58569, 2*c = -3*i + 58636. What is the units digit of i?
4
Let k = -94458 + 132983. What is the ten thousands digit of k?
3
Let o = -41 + 41. Suppose o = -10*f + 7*f + 1692. Suppose 42*w + f = 46*w. What is the units digit of w?
1
Suppose -10*w + 21*w + 594 = 0. Let t = 58 + w. Suppose -k = t*k - 205. What is the units digit of k?
1
Let s = 53 + -56. Let a(f) = 11*f**2 - 15*f - 23. Let y(u) = 6*u**2 - 7*u - 11. Let q(m) = s*a(m) + 7*y(m). What is the units digit of q(4)?
0
Suppose 609 = -4*j - 3*w, 4*j = -4*w - w - 599. What is the tens digit of 3462/8 + (-39)/j?
3
Let s(z) be the first derivative of 25*z**2/2 - 94*z - 32. What is the tens digit of s(20)?
0
Suppose 0 = 3*s - 120*p + 117*p - 10869, -s - 4*p = -3603. What is the hundreds digit of s?
6
Suppose 0 = 329*j - 73*j - 11719936. What is the thousands digit of j?
5
Let x = 4374 + 2287. What is the tens digit of x?
6
Let i(s) = -s**3 - 4*s**2 - 5*s + 3. Suppose -2*z = -49 + 47. Let u be 2*(-2 - (z - 4))*-2. What is the tens digit of i(u)?
2